{"id":221,"date":"2022-04-07T22:34:48","date_gmt":"2022-04-07T22:34:48","guid":{"rendered":"https:\/\/partietsansobalans.se\/?page_id=221"},"modified":"2026-03-03T12:40:17","modified_gmt":"2026-03-03T12:40:17","slug":"bli-medlem","status":"publish","type":"page","link":"https:\/\/partietsansobalans.se\/?page_id=221","title":{"rendered":"Bli medlem"},"content":{"rendered":"\n<p>Vill du bli medlem i Sans o Balans? Betala in medlemsavgiften till v\u00e5rt bankgiro 5605-0842. Medlemsavgiften \u00e4r 100:- f\u00f6r alla.  Skriv \u201dmedlemsavgift&#8221; i rutan f\u00f6r meddelande vid betalningen. Skriv g\u00e4rna med ert namn ocks\u00e5. Skicka g\u00e4rna mejl till partiet p\u00e5 partietsansobalans@gmail.com och ber\u00e4tta hur ni vill engagera er och om ni vill st\u00e5 med p\u00e5 v\u00e5r valsedel. Vi ringer upp er inom kort. <\/p>\n","protected":false},"excerpt":{"rendered":"<p>Vill du bli medlem i Sans o Balans? Betala in medlemsavgiften till v\u00e5rt bankgiro 5605-0842. Medlemsavgiften \u00e4r 100:- f\u00f6r alla. Skriv \u201dmedlemsavgift&#8221; i rutan f\u00f6r meddelande vid betalningen. Skriv g\u00e4rna med ert namn ocks\u00e5. Skicka g\u00e4rna mejl till partiet p\u00e5 partietsansobalans@gmail.com och ber\u00e4tta hur ni vill engagera er och om ni vill st\u00e5 med p\u00e5 [&hellip;]<\/p>\n","protected":false},"author":1,"featured_media":0,"parent":0,"menu_order":0,"comment_status":"closed","ping_status":"closed","template":"","meta":{"footnotes":""},"class_list":["post-221","page","type-page","status-publish","hentry"],"_links":{"self":[{"href":"https:\/\/partietsansobalans.se\/index.php?rest_route=\/wp\/v2\/pages\/221","targetHints":{"allow":["GET"]}}],"collection":[{"href":"https:\/\/partietsansobalans.se\/index.php?rest_route=\/wp\/v2\/pages"}],"about":[{"href":"https:\/\/partietsansobalans.se\/index.php?rest_route=\/wp\/v2\/types\/page"}],"author":[{"embeddable":true,"href":"https:\/\/partietsansobalans.se\/index.php?rest_route=\/wp\/v2\/users\/1"}],"replies":[{"embeddable":true,"href":"https:\/\/partietsansobalans.se\/index.php?rest_route=%2Fwp%2Fv2%2Fcomments&post=221"}],"version-history":[{"count":4,"href":"https:\/\/partietsansobalans.se\/index.php?rest_route=\/wp\/v2\/pages\/221\/revisions"}],"predecessor-version":[{"id":693,"href":"https:\/\/partietsansobalans.se\/index.php?rest_route=\/wp\/v2\/pages\/221\/revisions\/693"}],"wp:attachment":[{"href":"https:\/\/partietsansobalans.se\/index.php?rest_route=%2Fwp%2Fv2%2Fmedia&parent=221"}],"curies":[{"name":"wp","href":"https:\/\/api.w.org\/{rel}","templated":true}]}}